c41c?
5c427
In base 9, what is 17311 - -1?
17312
In base 9, what is 116 - -332?
448
In base 16, what is -24 - 28fe?
-2922
In base 13, what is -14 + b7?
a3
In base 13, what is 92c6 - 70?
9256
In base 7, what is 1401 + 102?
1503
In base 6, what is -341 - -52315?
51534
In base 6, what is -1 + 104143?
104142
In base 10, what is 56 - 347?
-291
In base 2, what is 1001 - -100111100111101?
100111101000110
In base 3, what is 111000022 - -12?
111000111
In base 9, what is -301 - 63?
-364
In base 12, what is 2318 - 13?
2305
In base 6, what is -404552552 + -4?
-404553000
In base 8, what is 1532 + -2033?
-301
In base 14, what is 4 - a86?
-a82
In base 4, what is 1030033133 + -2?
1030033131
In base 3, what is 202 - -2001202?
2002111
In base 5, what is 1330324 + 132?
1331011
In base 2, what is 101 - 110111110110010110?
-110111110110010001
In base 10, what is -8386 + -6?
-8392
In base 7, what is -535436 - 0?
-535436
In base 12, what is -2667 - -255?
-2412
In base 3, what is -101101 + 0?
-101101
In base 2, what is -1 - 1101?
-1110
In base 13, what is 6a + -15?
55
In base 3, what is -1002 + -1212222202?
-1220000211
In base 9, what is -3582 + -5?
-3587
In base 13, what is 44 - -33b7?
342b
In base 10, what is 19371 + 24?
19395
In base 2, what is 100010000 + 1011001111110?
1011110001110
In base 15, what is e + -1541?
-1532
In base 15, what is -17a - -259?
ce
In base 6, what is 423 + 320515?
321342
In base 11, what is 250 + -47?
204
In base 5, what is -104304 - -3?
-104301
In base 4, what is -313230 + 1102?
-312122
In base 13, what is a582b + -5?
a5826
In base 7, what is -1 + 64610?
64606
In base 7, what is 312311 - -1?
312312
In base 11, what is 1a + 1971?
1990
In base 8, what is -22521 - 544?
-23265
In base 15, what is 13 + 10?
23
In base 11, what is 269 + 93?
351
In base 13, what is 6c64c - -3?
6c652
In base 5, what is -121110 + 1?
-121104
In base 5, what is 123322111 - -10?
123322121
In base 7, what is -16 - 3406?
-3425
In base 7, what is 6411 - 244?
6134
In base 4, what is -1 - -11120002?
11120001
In base 7, what is 130413 + 1?
130414
In base 14, what is 283 + 1a2?
445
In base 15, what is a0 + 3d9?
489
In base 3, what is 1201 - 11012210021?
-11012201120
In base 12, what is -119 - 173?
-290
In base 4, what is -111023020 - 212?
-111023232
In base 12, what is -15b + -1399?
-1538
In base 10, what is 3 + 39480?
39483
In base 15, what is 0 - 113c02?
-113c02
In base 11, what is -339 + 70?
-279
In base 5, what is -11 + 4303220?
4303204
In base 5, what is -110134232 + 3?
-110134224
In base 15, what is -34a + 4d5?
18a
In base 6, what is 104040435 + 1?
104040440
In base 14, what is -b + -c50b?
-c518
In base 5, what is 430042 - -4?
430101
In base 8, what is -1424171 + 0?
-1424171
In base 14, what is 5 - -715a?
7161
In base 14, what is 2cd - d?
2c0
In base 4, what is -2 - -232331012?
232331010
In base 16, what is -2 - -b5b90?
b5b8e
In base 10, what is -5 + 2876?
2871
In base 14, what is 1 - 4d5d?
-4d5c
In base 4, what is 3123111 - 11?
3123100
In base 2, what is -100100110101 - 10000?
-100101000101
In base 16, what is ac9 + 1e8?
cb1
In base 10, what is -3 - 7745?
-7748
In base 8, what is 4134 - -230?
4364
In base 11, what is -58764 - 0?
-58764
In base 12, what is 7b3 + -2?
7b1
In base 15, what is -74 - 49e?
-523
In base 6, what is 20123 - 11?
20112
In base 4, what is -1 - -12300000?
12233333
In base 14, what is 1 - 208a5?
-208a4
In base 9, what is -86320 - -6?
-86313
In base 16, what is -5 + 932?
92d
In base 10, what is -191 - -1061?
870
In base 12, what is -7 - 8556?
-8561
In base 16, what is -2d0 + -1aa6?
-1d76
In base 6, what is 422 - -452?
1314
In base 6, what is 2351 - 5?
2342
In base 12, what is -17078b - 0?
-17078b
In base 10, what is -351457 - -1?
-351456
In base 9, what is 4 - 22258?
-22254
In base 13, what is c06 - 1?
c05
In base 14, what is -6 + -570c?
-5714
In base 13, what is 22679 - -1?
2267a
In base 15, what is 2aa6 - 4?
2aa2
In base 13, what is 50 - -1269?
12b9
In base 15, what is -34 + -146d?
-14a2
In base 7, what is 31 - 441?
-410
In base 4, what is 200 + -3320?
-3120
In base 13, what is -1a4 - 127?
-2cb
In base 13, what is -4ba + -85?
-572
In base 13, what is 458c - -35?
45c4
In base 5, what is -23 - -1220?
1142
In base 12, what is 1 + 183747?
183748
In base 12, what is 1 - 45285?
-45284
In base 16, what is -1 - -3271?
3270
In base 13, what is -18022 - 1?
-18023
In base 16, what is 1c6f - -11?
1c80
In base 12, what is -21495 + 13?
-21482
In base 7, what is -13 + -213652?
-213665
In base 13, what is 2 - 3902?
-3900
In base 5, what is -11124234 + -10?
-11124244
In base 9, what is 13316 + 550?
13866
In base 15, what is -2 - 1e0e4?
-1e0e6
In base 3, what is -100221121 - -1121?
-100220000
In base 16, what is -31 - -2b0?
27f
In base 3, what is -1122021120 + -22?
-1122021212
In base 10, what is 0 + 77990?
77990
In base 6, what is 1220 - 25?
1151
In base 3, what is -111021212 + -10?
-111021222
In base 8, what is 10 + 7560?
7570
In base 3, what is 0 - -2201120?
2201120
In base 6, what is -4134 - 100?
-4234
In base 9, what is -1403 - -605?
-687
In base 12, what is 282 + 135?
3b7
In base 4, what is 12312 - 101?
12211
In base 10, what is 676687 - 3?
676684
In base 9, what is 265467 - 0?
265467
In base 4, what is 10 + 2222033?
2222103
In base 7, what is 6 + -4250?
-4241
In base 15, what is -8 - -c629?
c621
In base 4, what is -12321131 + -2?
-12321133
In base 13, what is -1a22c - 33?
-1a262
In base 6, what is 124 + -2333?
-2205
In base 6, what is 0 - -13045415?
13045415
In base 5, what is 22123 + 101?
22224
In base 3, what is 12 - 1022221001?
-1022220212
In base 2, what is 111000 - 101010101?
-100011101
In base 15, what is 1 + 82d8?
82d9
In base 16, what is 6ab0 - -5?
6ab5
In base 16, what is aafe - -12?
ab10
In base 14, what is -18d3 + -27?
-191a
In base 5, what is -1042002411 + 1?
-1042002410
In base 5, what is 4123 - -203?
4331
In base 13, what is 30 + -10390?
-10360
In base 13, what is -363a7 - 5?
-363ac
In base 14, what is 52ba + -50?
526a
In base 7, what is -232 - 156210?
-156442
In base 15, what is -1 - 1380bd?
-1380be
In base 11, what is -27 + -421?
-448
In base 9, what is -30518 - 6?
-30525
In base 14, what is 7301 - 1?
7300
In base 12, what is 4 + -87b3?
-87ab
In base 4, what is -11013 - -233121?
222102
In base 2, what is 1 - -1010111011111111?
1010111100000000
In base 16, what is 5189 - 5?
5184
In base 13, what is -3c1 + -12c?
-520
In base 13, what is 185892 + 5?
185897
In base 3, what is -22121 + -11200?
-111021
In base 9, what is 5 - -516088?
516104
In base 5, what is -11134 - 120?
-11304
In base 16, what is 1 + -168bcf?
-168bce
In base 15, what is -56d - 480?
-9ed
In base 12, what is -2537 - -5a?
-2499
In base 9, what is 6807048 + 2?
6807051
In base 8, what is -15 + -1307?
-1324
In base 13, what is -8b8b + -36?
-8bc4
In base 8, what is -1501 - -52?
-1427
In base 6, what is -355253 + 3?
-355250
In base 13, what is a70c + 37?
a746
In base 4, what is 13 - 231213?
-231200
In base 16, what is -10dcf + -3?
-10dd2
In base 14, what is -b473c + -4?
-b4742
In base 8, what is -4 + 431605?
431601
In base 11, what is -2a75a + -14?
-2a773
In base 16, what is -d08 - -39?
-ccf
In base 15, what is -2 + 2d57?
2d55
In base 9, what is -101 + 4044?
3843
In base 10, what is -4 + 13373?
13369
In base 12, what is 2017 + 5?
2020
In base 15, what is 2b2d - c?
2b21
In base 4, what is 3312110 - -10232?
3323002
In base 3, what is 20 - -102112012?
102112102
In base 16, what is 5 - 2468?
-2463
In base 8, what is 5342 - 26?
5314
In base 9, what is 84 + -485?
-401
In base 4, what is 11 + -212102121?
-212102110
In base 5, what is -333 + 4200?
3312
In base 16, what is 5 + 1e2d?
1e32
In base 12, what is 47 - -35b?
3a6
In base 3, what is 1 + 1100101112?
1100101120
In base 13, what is 7 + 3ba0b8?
3ba0c2
In base 2, what is 111000000000 - 11?
110111111101
In base 4, what is -132032 + 20?
-132012
In base 10, what is 100 - -777?
877
In base 12, what is 104919 - 1?
104918
In base 16, what is -2 + -4ef8?
-4efa
In base 11, what is 130 + 23344?
23474
In base 9, what is -1488158 - -1?
-1488157
In base 9, what is 51763 + -21?
51742
In base 16, what is 35 - -740?
775
In base 8, what is -416266 - 0?
-416266
In base 8, what is 1547 + -6400?
-4631
In base 9, what is -2 - -5548?
5546
In base 15, what is 